t) = -t**2 - 6*t - 1. Let k = -42 + 76. Suppose -2*m = 4*v + 26, -5*m = 3*v + 10 + k. Determine b(m).
-8
Let k(f) = -2*f + 12. Let l(v) = v - 8. Let d(a) = -5*k(a) - 8*l(a). Let z = -37 - -32. Let w be 6/3 + 35/z. Give d(w).
-6
Let o(r) = -3*r + 9. Let q(f) be the second derivative of 0 - 19/2*f**2 - 10*f + 7/6*f**3. Let s(i) = -5*o(i) - 2*q(i). Give s(6).
-1
Let k(r) = -r. Let t = -14 + 16. Suppose 3*q - q - t = 0, -249 = -5*j - 4*q. Let g be 6/14 + 224/j. Determine k(g).
-5
Let g(d) = -112*d + d**3 + 129*d - 16*d - 6*d**2 - 10. What is g(6)?
-4
Let x(v) = -v**2 - 5*v - 5. Let c = 100 - 96. Suppose -c*l = 5*m + 20, 3*l - 4*m + 15 = -2*m. Determine x(l).
-5
Suppose 53 = 6*j + 11. Suppose 0 = -2*z - 5*y - 23, -2*z - 4*y + 17 = -j*y. Let l(n) = -11*n**2 + 1. Determine l(z).
-10
Let i(c) = -13*c + 6. Let j(b) = -13*b + 5. Let r(f) = -4*i(f) + 3*j(f). Let h(y) = 6*y - 4. Let m(q) = -5*h(q) + 2*r(q). Determine m(2).
-6
Let x(f) = f + 1. Let o be (-3)/24*-4*-2. Let s(y) = -4*y - 7. Let g(z) = o*s(z) - 3*x(z). Calculate g(-5).
-1
Let a(n) = n**3 - n + 6. Let o = -21 - -25. Suppose o*m - m = -4*r - 20, 0 = -2*m - 2*r - 10. Determine a(m).
6
Let r(a) = a**2 - 3*a + 5. Suppose x + 5 = 11. Calculate r(x).
23
Let s(n) = 188 - 192 - 98*n + 101*n. What is s(2)?
2
Let k(y) = -3*y**2 - 25*y + 19. Let u = 1 + -3. Let j(r) = -r**2 - 12*r + 9. Let v(g) = u*k(g) + 5*j(g). Give v(6).
-17
Let x(s) = s**3 + 5*s**2 - 6*s - 7. Let n = -12 - -18. Suppose -4*g - 5*d + 16 = 0, -3*g + n*d + 12 = 2*d. Suppose -g*k = k + 30. What is x(k)?
-7
Let n be 828/(36/6) + (1 - -3). Let l = 146 - n. Let k(b) = -b**2 + 6*b - 5. What is k(l)?
3
Let k(q) be the second derivative of q**8/6720 - q**7/840 + q**6/180 - q**5/30 - 7*q**4/4 - 13*q. Let z(w) be the third derivative of k(w). Determine z(3).
8
Let x(s) = 2*s + 21. Let u be (6/(-10) - (-648)/(-120)) + -2. What is x(u)?
5
Let l = 782 - 780. Let t(r) = -4*r**3 - 2*r**2 - 1. Calculate t(l).
-41
Suppose 9 = -3*b, -4*b - 24 = -4*q + 44. Let c(r) = 4*r**2 - 5*r**2 + q - 23 - 3*r + 10*r. Calculate c(6).
-3
Let u(k) = 2*k**2 + 8*k - 4. Let r(j) = -j**2 - 7*j + 3. Let d(z) = 3*r(z) + 2*u(z). Let i(w) = 5*w - 29. Let v be i(7). What is d(v)?
7
Let r(w) be the second derivative of -3*w**4/4 + w**3/6 - 83*w - 1. Determine r(1).
-8
Suppose -8*m = -11 + 3. Let c(t) = -2*t**2 - 2*t - 6. Let b(w) = w + 1. Let v(d) = m*c(d) + 5*b(d). What is v(2)?
-3
Let r(v) = 3*v + 1. Let s be (-32)/(-10) + (-20)/(-25). Suppose -3*j - 7 = s*g, -3*j - 2*j + 2*g = -23. Suppose h = j*h + 10. Determine r(h).
-14
Suppose 5*f = 9*f + 2*f - 30. Let g(o) = o - 2. Let m be g(4). Let y(a) = -3*a**2 + 5*a + 1 + 2*a**m + 1. Calculate y(f).
2
Let l(p) = p**3 - 5*p**2 - 4*p + 5. Suppose m - 2*j + 61 = -0*j, -281 = 5*m - 2*j. Let s = -50 - m. What is l(s)?
-15
Let x(f) = -106*f**2 + 300*f**2 - 111*f**2 - 99*f**2. Determine x(-1).
-16
Suppose 5*g = 6*g - 19. Suppose 4*j + u + 12 = -7, -j - 5*u + g = 0. Let w(t) = t**2 + 5*t - 1. What is w(j)?
5
Let r(f) = f**2 - f - 2. Let c(j) = j**2 - j - 2. Suppose -3*t - 52 = k + k, -4*k + 4*t = 104. Let b = k + 32. Let v(i) = b*c(i) - 5*r(i). Give v(5).
18
Let o(k) = -5*k. Let l(a) = -a - 1. Let u(j) = l(j) - o(j). Calculate u(-5).
-21
Let d(y) = -29*y - 29*y - 29*y + 1 + 93*y. Calculate d(-5).
-29
Let g(m) = 4*m - 7. Let u(v) = -3*v + 22. Let j be u(4). Calculate g(j).
33
Let j = -5 + 6. Let a(q) = -13*q + j + 5*q + 7*q. Let r(v) = 1. Let i(x) = a(x) - r(x). Calculate i(1).
-1
Let j be 1 + -2 + 7 + 268/(-67). Let d(p) = -p - 1. Let i(q) = -6*q - 3. Let x(s) = 2*d(s) - i(s). Determine x(j).
9
Let x = 0 - 0. Let l(b) = -2 + 5*b + x - 4 + 4. Suppose 0 = -23*o + 22*o + 2. Calculate l(o).
8
Let w(b) = b**2 + b - 2. Let u be 12 - 9 - (-2 + 8). Determine w(u).
4
Let b(o) = -o**2 - 7*o + 1. Suppose -13*f + 18*f + 30 = 0. Let m = 0 + f. Determine b(m).
7
Let i(u) = -u - 3. Let r be 1/((-1)/(-6)*3). Let f be 140/(-21) + r/3. What is i(f)?
3
Let f(c) = c - 2. Let w(i) = -3. Let b(l) = f(l) - 4*w(l). Determine b(-5).
5
Suppose 0 = 3*y - 125 + 128. Let x(z) = 3*z**3 - 2*z**2 - 2*z - 1. Give x(y).
-4
Let t(p) = -2*p - 15. Let g be t(-12). Suppose -10 = -g*c + 14*c. Let w(l) = l**2 + 2*l + 1. Give w(c).
1
Suppose 0 = -5*x - 5, -25 = 5*z - 4*x - 49. Let j(r) = 9*r - 2. Give j(z).
34
Let i(w) = -2*w**2 + 3*w**2 - 1486*w + 1488*w. Determine i(-2).
0
Let q(t) be the second derivative of t**5/60 + 7*t**4/24 + 7*t**3/6 + 8*t**2 + 31*t. Let b(z) be the first derivative of q(z). Determine b(-5).
-3
Let b(l) = -5*l**2 - 2137 + l**3 + 8*l - 3*l**2 + 2135. Let o(j) = -2*j**3 - 2*j**2 - 1. Let w be o(-2). What is b(w)?
5
Let k(b) be the first derivative of 1/3*b**3 - 4*b + 2 + 2*b**2. Suppose 0 + 15 = -3*m. Give k(m).
1
Suppose s + 0*u = 5*u - 22, u - 8 = -s. Let q(b) = 7 - 2*b**2 - b**s + 4*b**2 - b**2 - 2*b**2. Determine q(0).
7
Let w be 6/(-4)*(-4)/(-2). Let b(x) = -6*x - 13. Let o(p) = 5*p + 11 - 12 + 13. Let g(t) = w*b(t) - 4*o(t). Give g(-6).
3
Let o(d) = -d**3 - 12*d**2 - 20*d. Let j be o(-10). Suppose j = -3*i - 5*p + 2 + 20, 0 = -4*i + 4*p - 24. Let n(u) = -2*u + 1. Calculate n(i).
3
Let w be ((-9)/(-2) + -4)*-10. Let y(c) = 4*c + 22. Let m(z) = -z - 7. Suppose 10 = -3*h + 2*h. Let r(n) = h*m(n) - 3*y(n). Determine r(w).
14
Let z(o) = -2*o + 4. Let h(m) = -m**2 - 2*m + 5. Let y be h(-4). Give z(y).
10
Let x(z) be the second derivative of z**6/360 + z**5/120 + z**4/24 + 5*z**3/6 - 6*z. Let i(j) be the second derivative of x(j). Calculate i(-2).
3
Suppose -3*o = 2*u - 19, 1 = o - u - u. Suppose 0 = 2*c - 8, 2*y = -o*c + 7 + 3. Let b(g) = -g**3 - 6*g**2 - 3*g - 1. Give b(y).
-11
Let y(b) be the second derivative of b**7/2520 + b**5/40 + b**4/3 - 6*b. Let m(t) be the third derivative of y(t). Give m(0).
3
Let x(v) = -v**2 - 7*v - 9. Suppose -2*p = 2*q - p - 111, -q = -2*p - 58. Let s = q + -62. Determine x(s).
-3
Let b(s) = -8*s**2 + 18 + 8 + 17*s**2 - 10*s**2 - 2*s. Determine b(-6).
2
Suppose -4*g + 3 = -a, 3*g + 4*a - 12 = 14. Suppose 4*h - w = -g*w + 2, -3*w = -6. Suppose -4 = t - h. Let c(y) = -y**3 - 3*y**2 + 3*y + 1. What is c(t)?
5
Let g be 1/((13/3)/(-13)). Let l(n) = -6*n**2 + 3*n + 7. Give l(g).
-56
Let v be 78/66 + 4/(-22). Let k(p) = -15*p**2 - 6*p + 11*p**2 + 2*p + v + 2*p. Suppose 2*y - 4*j - 17 = y, 0 = -2*y - 5*j - 18. Determine k(y).
-5
Let j(k) = 5 + 3*k - k**3 + 23 - 5*k**2 - 7 - 10. Determine j(-5).
-4
Let r(x) be the first derivative of -3/2*x**2 + 1/4*x**4 + 0*x + x**3 + 29. Determine r(-4).
-4
Let s(j) be the third derivative of -j**4/24 - j**3/2 - j**2 + 340*j. Determine s(14).
-17
Let a(j) = j**2 - 8 + 5*j - 6*j + 8*j. What is a(-6)?
-14
Let i be ((-10)/24)/((-35)/21). Let n(u) be the third derivative of 0 - 1/6*u**3 + 1/60*u**5 + i*u**4 + 0*u - 9*u**2. What is n(-7)?
6
Let v(i) = 7*i - 33 - 2*i - 2*i + 121. Determine v(-28).
4
Let d(r) = -r + r**2 - 2 + 0 + 0 + 0*r. Suppose -j = -2*k - 10, j + 0*j + 15 = -3*k. Let g be (-4)/(1/(k/(-10))). Give d(g).
4
Let x(t) be the first derivative of t**3/3 - 4*t**2 - 4*t + 1. Let g(o) = -20*o - 33. Let z be g(-2). Calculate x(z).
-11
Let s be ((-450)/27)/5 + 4/(-6). Let d(o) = -2*o**2 - 6*o - 3. Calculate d(s).
-11
Let j(d) = -24*d - 3. Suppose -9 - 6 = -5*v. Suppose -v*k + 3 = 54. Let f(n) = -8*n - 1. Let h(y) = k*f(y) + 6*j(y). Determine h(-1).
7
Let g(o) = o**3 - o**2 + 3. Suppose -3*i - 20 = -5, -5*s = 2*i. Let y be (0/26)/(2*1/s). Determine g(y).
3
Let h(l) be the third derivative of -1/60*l**5 + 1/6*l**3 + 1/24*l**4 + 1 + 0*l - 14*l**2. Give h(2).
-1
Let j = 838 + -846. Let u(q) = 7*q + 12. Determine u(j).
-44
Let g(x) = 0*x + 54*x**2 - 9 - 53*x**2 + 2*x - 3*x. Calculate g(6).
21
Suppose -2*x = -5*h - 1, 2*x + 8 = -2*h - 2*h. Let i(k) = 2*k**2 + 7428*k**3 - 6 + 4 - 7426*k**3 + 2*k. Calculate i(x).
-14
Let i(n) = n**2 + n - 1. Let h(o) = 49*o + 295. Let z be h(-6). Determine i(z).
1
Let u(v) = -3*v**3 + 30*v**2 - 3. Let c be u(10). Let h(q) = -q**2 - 3*q - 3. Determine h(c).
-3
Let q(g) = -6*g**2. Let r be ((-820)/(-70) - 11) + (-2)/(-7). Determine q(r).
-6
Suppose -z + 5*n - 7 + 25 = 0, -15 = -3*z + 2*n. Suppose -3*v - 3*a + z = 0, -a + 5 = 4*v - 2*v. Let p(b) = b**2 - 2*b + 3. Give p(v).
11
Let g be 12/15 + (-12)/(-10). Let l(i) = 3*i**3 - 2*i**2 - 2*i + 3. Determine l(g).
15
Let g(w) 